Is 93163 a prime number?
False
Is 29179 prime?
True
Is 323431 a prime number?
False
Is 5939 prime?
True
Is 1454 prime?
False
Is 350767 prime?
True
Is 66574 a composite number?
True
Is 3037 composite?
False
Is 28151 composite?
False
Is 2053 a prime number?
True
Is 19249 a prime number?
True
Is 61117 a composite number?
True
Is 2447 composite?
False
Is 14089 a composite number?
True
Is 744827 a prime number?
False
Is 29407 prime?
False
Is 8315 prime?
False
Is 320567 prime?
False
Is 7993 a prime number?
True
Is 779 composite?
True
Is 59333 a prime number?
True
Is 15359 prime?
True
Is 3503 prime?
False
Is 5465 a composite number?
True
Is 41371 a prime number?
False
Is 839329 composite?
True
Is 20789 a prime number?
True
Is 22853 composite?
False
Is 838313 a prime number?
False
Is 144017 composite?
True
Is 39871 prime?
False
Is 79573 composite?
True
Is 35491 prime?
True
Is 19123 a prime number?
False
Is 15401 prime?
True
Is 21239 a composite number?
True
Is 33986 prime?
False
Is 176017 composite?
False
Is 911 prime?
True
Is 1100507 composite?
True
Is 1578233 a composite number?
True
Is 9761 prime?
False
Is 5723 a composite number?
True
Is 431363 a composite number?
False
Is 2291 composite?
True
Is 38869 composite?
True
Is 30427 a prime number?
True
Is 86677 prime?
True
Is 31957 prime?
True
Is 31357 a prime number?
True
Is 2482069 a prime number?
True
Is 1577623 prime?
True
Is 29317 composite?
True
Is 236641 composite?
False
Is 29657 composite?
True
Is 75994 composite?
True
Is 46073 composite?
False
Is 13553 composite?
False
Is 327127 a composite number?
False
Is 1637 a prime number?
True
Is 1559 a prime number?
True
Is 52157 a composite number?
True
Is 65413 a composite number?
False
Is 20627 prime?
True
Is 3047 a prime number?
False
Is 15299 prime?
True
Is 399535 composite?
True
Is 538033 a composite number?
True
Is 3109 a composite number?
False
Is 7939 prime?
False
Is 3552479 a composite number?
True
Is 691531 a composite number?
False
Is 2415769 a prime number?
True
Is 260197 prime?
False
Is 366709 composite?
True
Is 11621 a prime number?
True
Is 429823 a composite number?
False
Is 12515 a prime number?
False
Is 70783 prime?
True
Is 715109 prime?
True
Is 95701 a prime number?
True
Is 18527 composite?
True
Is 4740035 a prime number?
False
Is 2429 a prime number?
False
Is 34337 prime?
True
Is 2459 composite?
False
Is 509869 prime?
False
Is 21059 a composite number?
False
Is 78383 composite?
True
Is 22313 prime?
False
Is 81229 a prime number?
False
Is 196189 prime?
False
Is 505913 prime?
False
Is 9029 a prime number?
True
Is 191999 composite?
False
Is 284609 a prime number?
False
Is 24343 composite?
True
Is 491438 prime?
False
Is 867017 prime?
False
Is 85213 prime?
True
Is 40607 prime?
False
Is 523297 prime?
True
Is 79751 a prime number?
False
Is 6343 prime?
True
Is 167735 prime?
False
Is 28813 a prime number?
True
Is 11213 composite?
False
Is 1038151 prime?
False
Is 9305 a prime number?
False
Is 11147 composite?
True
Is 14051 composite?
False
Is 8353 composite?
False
Is 13021 prime?
False
Is 761759 composite?
True
Is 3163 prime?
True
Is 88733 composite?
True
Is 433033 a prime number?
True
Is 370313 prime?
False
Is 122429 prime?
False
Is 50937 a prime number?
False
Is 104903 prime?
False
Is 4909 a composite number?
False
Is 101267 a prime number?
True
Is 7753 a prime number?
True
Is 487 a prime number?
True
Is 109 composite?
False
Is 234571 a composite number?
False
Is 94409 a prime number?
False
Is 849817 a prime number?
False
Is 56065 a prime number?
False
Is 113513 prime?
True
Is 12853 a composite number?
False
Is 24693 composite?
True
Is 11541 a composite number?
True
Is 96505 prime?
False
Is 30629 a composite number?
True
Is 39421 a prime number?
False
Is 16706 a composite number?
True
Is 1262011 a prime number?
True
Is 971 prime?
True
Is 3007 prime?
False
Is 9977 composite?
True
Is 280417 prime?
False
Is 1795202 a prime number?
False
Is 1901 composite?
False
Is 2923 a prime number?
False
Is 70859 a prime number?
False
Is 429353 composite?
True
Is 34321 prime?
False
Is 633415 a composite number?
True
Is 5807 a composite number?
False
Is 34179 prime?
False
Is 13837 composite?
True
Is 46211 a composite number?
True
Is 161453 prime?
True
Is 7789 a prime number?
True
Is 6739 a composite number?
True
Is 15853 prime?
False
Is 62981 a prime number?
True
Is 60077 a composite number?
False
Is 25255 composite?
True
Is 3433 composite?
False
Is 1527839 composite?
False
Is 56437 composite?
False
Is 199013 prime?
False
Is 21001 a prime number?
True
Is 131093 prime?
False
Is 4931 composite?
False
Is 8147 composite?
False
Is 48381 composite?
True
Is 4837915 prime?
False
Is 84287 a prime number?
False
Is 16703 composite?
False
Is 127811 prime?
False
Is 2491 prime?
False
Is 152447 a prime number?
False
Is 6977 a prime number?
True
Is 2787 a composite number?
True
Is 13043 a composite number?
False
Is 169102 composite?
True
Is 6509 a composite number?
True
Is 2333 a composite number?
False
Is 529607 prime?
False
Is 413951 prime?
True
Is 290657 a prime number?
True
Is 4613 composite?
True
Is 4413 composite?
True
Is 13259 prime?
True
Is 1445827 a composite number?
False
Is 61853 composite?
True
Is 5601 a prime number?
False
Is 332043 a prime number?
False
Is 105929 a composite number?
False
Is 64433 a prime number?
True
Is 870127 composite?
False
Is 22433 a prime number?
True
Is 2939 a composite number?
False
Is 7103 prime?
True
Is 575531 composite?
True
Is 137927 prime?
True
Is 5161 composite?
True
Is 32201 a prime number?
False
Is 917429 a composite number?
True
Is 355373 composite?
True
Is 8147 a composite number?
False
Is 1252739 prime?
True
Is 1151 a prime number?
True
Is 2951191 prime?
False
Is 219677 a composite number?
False
Is 112123 composite?
True
Is 56915 composite?
True
Is 59497 prime?
True
Is 5669 a prime number?
True
Is 15877 a prime number?
True
Is 922211 a composite number?
False
Is 91783 a composite number?
True
Is 935695 prime?
False
Is 5362771 a prime number?
True
Is 4867 a prime number?
False
Is 264247 prime?
False
Is 557 prime?
True
Is 27509 prime?
True
Is 719633 composite?
False
Is 228061 a composite number?
False
Is 785269 prime?
True
Is 42767 a prime number?
True
Is 13327 a composite number?
False
Is 2325927 a prime number?
False
Is 10277 composite?
True
Is 1988887 a prime number?
True
Is 15727 composite?
False
Is 20369 a composite number?
False
Is 13391 composite?
True
Is 259201 a composite number?
False
Is 147143 prime?
False
Is 599341 composite?
False
Is 3571 prime?
True
Is 11359 a prime number?
False
Is 95741 composite?
True
Is 353499 a prime number?
False
Is 23 a composite number?
False
Is 351011 prime?
True
Is 1415 composite?
True
Is 4538227 a composite number?
False
Is 44755 a composite number?
True
Is 411311 prime?
True
Is 1823 a prime number?
True
Is 7063 a prime number?
False
Is 81509 composite?
False
Is 6629 a prime number?
False
Is 2359 a prime number?
False
Is 137983 prime?
True
Is 8111 a prime number?
True
Is 351217 prime?
True
Is 7363 prime?
False
Is 20411 composite?
False
Is 573491 a prime number?
False
Is 214583 a prime number?
False
Is 1886707 prime?
False
Is 2627 prime?
False
Is 1053179 a prime number?
True
Is 2369 a prime number?
False
Is 529603 prime?
True
Is 14281 prime?
True
Is 59513 composite?
False
Is 325657 prime?
False
Is 9311 prime?
True
Is 22757 a prime number?
False
Is 13229 a composite number?
False
Is 19247 a prime number?
False
Is 5737 prime?
True
Is 331919 composite?
True
Is 54685 composite?
True
Is 946273 a composite number?
False
Is 72989 prime?
False
Is 87257 a composite number?
False
Is 29633 a composite number?
False
Is 97421 a prime number?
False
Is 186839 prime?
False
Is 6247 a composite number?
False
Is 294617 a prime number?
False
Is 72737 composite?
True
Is 36293 a prime number?
True
Is 96949 a composite number?
True
Is 8147 composite?
False
Is 80953 composite?
False
Is 119417 a composite number?
False
Is 1282031 a composite number?
False
Is 8263 a prime number?
True
Is 971961 prime?
False
Is 16333 prime?
True
Is 4909 prime?
True
Is 306815 a composite number?
True
Is 1556717 a prime number?
True
Is 6299 a composite number?
False
Is 14693 prime?
False
Is 11797 composite?
True
Is 401473 prime